f(y) = 4*y - 27. Calculate f(8).
5
Let t(l) = -l**3 + 11*l**2 - 12*l + 11. Determine t(9).
65
Let l(i) = 47*i - 1128. Determine l(24).
0
Let z(u) = u**2 + 27*u - 59. Determine z(-29).
-1
Let d(s) = s**2 - 8*s - 12. Give d(10).
8
Let s(b) = 3*b**2 - 64*b + 23. Calculate s(21).
2
Let h(x) = 6*x - 6. What is h(0)?
-6
Let h(t) = -t**3 + 9*t**2 + 10*t - 9. What is h(10)?
-9
Let m(y) = -y**2 + 20*y - 84. Calculate m(7).
7
Let u(s) = s. What is u(-17)?
-17
Let u(a) = 17*a**2 + 27*a + 29. Give u(-1).
19
Let v(q) = 10*q - 1. Determine v(4).
39
Let y(w) = -w**2 + 3*w - 3. Give y(2).
-1
Let f(k) = k**2 - 18*k + 50. Give f(4).
-6
Let i(k) = -k**3 + 9*k**2 - 9*k + 12. Give i(8).
4
Let m(j) = j**2 - 57. Give m(7).
-8
Let g(j) = -9*j**2 - j - 1. Give g(1).
-11
Let i(k) = k - 1. Give i(-6).
-7
Let s(h) = 37*h + 1190. Give s(-32).
6
Let y(l) = 33*l**2 - 4*l + 3. What is y(2)?
127
Let r(j) = -4*j + 7. Determine r(5).
-13
Let p(j) = -j**2 - 10*j + 50. What is p(-14)?
-6
Let h(f) = f**3 - 14*f**2 - 2*f + 13. Determine h(14).
-15
Let u(i) = i**3 - 9*i**2 - 23*i + 16. What is u(11)?
5
Let m(p) = 7*p**3 - p**2 - 2*p - 1. What is m(2)?
47
Let h(f) = -2*f - 10. What is h(6)?
-22
Let b(l) = -2*l - 7. Calculate b(-11).
15
Let a(m) = m**2 + 6*m + 7. Calculate a(-7).
14
Let k(b) = -b**3 + 7*b**2 - 7*b - 3. Determine k(6).
-9
Let g(f) = -8*f**2 + 18*f + 4. Give g(5).
-106
Let r(v) = -v**3 - 2*v**2 + 11*v + 8. What is r(-4)?
-4
Let j(q) = -24*q + 546. Determine j(23).
-6
Let z(n) = 10*n**3 - 2*n**2 + n + 1. What is z(-1)?
-12
Let c(w) = 3*w**2 - 41*w + 16. Determine c(13).
-10
Let q(z) = z**3 + 12*z**2 - 10*z + 19. Give q(-13).
-20
Let b(j) = -j**3 + 14. Calculate b(0).
14
Let f(m) = 16*m - 10. Calculate f(-2).
-42
Let j(n) = -8*n - 3. Give j(-4).
29
Let u(a) = -23*a**3 - a + 1. Give u(1).
-23
Let q(t) = t**3 - 3*t**2 + 2*t - 1. What is q(2)?
-1
Let i(w) = -7*w + 23. Calculate i(10).
-47
Let x(g) = -g**3 + 7*g**2 + 3*g - 1. Give x(8).
-41
Let q(z) = -z**3 - 34*z**2 - 121*z - 27. What is q(-30)?
3
Let z(l) = -l + 10. Give z(9).
1
Let r(f) = 5*f**3 + f**2 - 13*f + 29. Determine r(2).
47
Let g(b) = -b - 23. Determine g(-10).
-13
Let x(j) = -4*j**2 + j + 2. Determine x(4).
-58
Let s(b) = -b**2 + 4*b - 3. Determine s(4).
-3
Let w(h) = 4*h + 13. Calculate w(-5).
-7
Let c(f) = f + 8. What is c(-14)?
-6
Let i(x) = x**3 + 7*x**2. What is i(-7)?
0
Let c(k) = -k**2 + 3*k - 2. Give c(4).
-6
Let g(m) = 3*m**3 + 3*m**2 - 5*m + 3. What is g(3)?
96
Let c(y) = -4*y**2 - 28*y + 7. Give c(-7).
7
Let n(w) = 5*w**2 - 56*w + 1. Give n(11).
-10
Let s(n) = -10*n + 254. Give s(25).
4
Let o(m) = -3*m**3 + 24*m**2 + 8*m - 28. Give o(8).
36
Let o(x) = -x**2 + x - 2. What is o(5)?
-22
Let h(s) = s**3 - 9*s**2 - 2*s + 1. Calculate h(8).
-79
Let l(z) = 3*z**2 - z + 1. Calculate l(3).
25
Let z(a) = 15*a + 33. Determine z(-2).
3
Let r(p) = p**2 + 20*p - 43. Calculate r(-22).
1
Let z(q) = q**3 + 13*q**2 + 6*q - 62. Determine z(-12).
10
Let h(s) = -s**3 + 17*s**2 + s - 20. Give h(17).
-3
Let t(r) = -23*r**2 + 3*r. Give t(-2).
-98
Let t(f) = f**3 + 13*f**2 + 13*f + 11. Determine t(-12).
-1
Let c(u) = u**3 + 8*u**2 + 7*u + 1. Determine c(-7).
1
Let v(j) = -10*j + 139. Calculate v(14).
-1
Let b(j) = -j**3 + 9*j**2 - 14*j - 26. What is b(6)?
-2
Let a(x) = 2*x**2 - 35*x + 20. Give a(16).
-28
Let v(p) = 2*p - 4. Give v(7).
10
Let q(g) = -3*g**2 - 138*g + 145. What is q(-47)?
4
Let o(n) = -n**3 - 11*n**2 - 21*n - 119. Calculate o(-10).
-9
Let j(d) = -2*d**2 + 2*d + 4. What is j(0)?
4
Let q(v) = 43*v - 200. Give q(5).
15
Let x(a) = -a**3 - 2*a**2 + 6*a - 3. What is x(2)?
-7
Let t(a) = a**3 + 5*a**2 - 8*a + 1. What is t(-7)?
-41
Let g(j) = 3*j**2 - 3*j - 10. Determine g(-4).
50
Let v(y) = y**3 + y**2 + 7*y - 6. Determine v(4).
102
Let z(g) = -g**2 - 6. Give z(0).
-6
Let y(a) = -5*a + 5. Calculate y(10).
-45
Let b(r) = r**3 - 5*r**2 - 6*r + 2. Give b(6).
2
Let p(c) = 4*c**2 + 6*c + 10. What is p(4)?
98
Let b(z) = 3*z - 111. Give b(40).
9
Let i(v) = v**3 - 4*v**2 - 5*v + 6. Determine i(3).
-18
Let j(d) = -d**3 - 10*d**2 + d + 18. Calculate j(-10).
8
Let f(y) = 2*y**3 - y**2 + 9. What is f(-2)?
-11
Let z(y) = y**3 - 8*y**2 - 4*y. Determine z(9).
45
Let s(n) = -6*n - 2. Calculate s(-4).
22
Let g(k) = k**3 + 9*k**2 - 8*k + 8. Calculate g(-10).
-12
Let r(f) = -12*f - 6. Determine r(-2).
18
Let m(x) = x**3 - 21*x**2 - 45*x - 8. Calculate m(23).
15
Let w(d) = 18*d - 571. Determine w(31).
-13
Let w(t) = -36*t - 2. Give w(1).
-38
Let z(c) = 2*c**2 + 7*c - 1. Calculate z(-5).
14
Let n(p) = 2*p**2 - 6*p + 4. Give n(6).
40
Let u(i) = 127*i + 1. Give u(-1).
-126
Let b(w) = w - 7. Determine b(14).
7
Let u(n) = n**3 - 3*n**2 - 19*n + 68. What is u(4)?
8
Let n(s) = -s**3 - 7*s**2 - 5*s + 8. Calculate n(-7).
43
Let d(i) = i**2 - i + 10. Determine d(6).
40
Let c(u) = -u**2 - 27*u + 4. What is c(0)?
4
Let n(z) = -9*z - 10. Determine n(-2).
8
Let h(w) = -2*w**3 - 5*w**2 - 6*w - 3. Calculate h(-2).
5
Let q(z) = -z**3 + 9*z**2 - 12*z + 14. Give q(7).
28
Let g(p) = -2*p + 17. Determine g(14).
-11
Let i(u) = 10*u**2 - u - 2. Calculate i(1).
7
Let q(y) = -y**3 - 4*y**2 + 7*y + 2. What is q(-6)?
32
Let m(a) = -a**3 + 9*a**2 + 14*a - 14. Determine m(10).
26
Let o(c) = -c**2 + 9*c + 19. Calculate o(16).
-93
Let r(d) = d**2 - 5*d + 4. Calculate r(4).
0
Let j(a) = -a**3 - 16*a**2 - a - 11. Give j(-16).
5
Let w(i) = -i**2 - 18*i + 17. Give w(-18).
17
Let k(u) = -u + 17. Give k(8).
9
Let o(q) = -q**2 - 18*q - 68. Determine o(-12).
4
Let p(l) = 3*l**2 + 25*l + 33. Give p(-7).
5
Let l(o) = -o**3 - 3*o**2 + 15*o + 7. Calculate l(-6).
25
Let l(i) = -i**2 + 10*i - 15. What is l(7)?
6
Let r(h) = -8*h**3 + 1. Calculate r(1).
-7
Let n(g) = g**3 - 12*g**2 + g + 2. Determine n(12).
14
Let i(b) = -b**3 - 25*b**2 - 3*b - 74. Calculate i(-25).
1
Let m(s) = -s**3 + 16*s**2 - s - 6. Give m(16).
-22
Let o(a) = -2*a**2 + 14*a + 19. Calculate o(8).
3
Let i(a) = a**2 - 9*a - 9. Calculate i(9).
-9
Let y(r) = -r**3 - 3*r**2 - 5*r. Determine y(-4).
36
Let t(k) = -k + 23. What is t(13)?
10
Let t(y) = y**3 + 6*y**2 - 16*y - 8. What is t(-8)?
-8
Let l(x) = x**2 + 10*x + 42. Calculate l(-6).
18
Let g(n) = 2*n**2 - 3*n + 3. What is g(3)?
12
Let w(z) = 2*z**3 - 60*z**2 + 62*z - 110. What is w(29)?
6
Let g(p) = -5*p + 106. What is g(31)?
-49
Let z(f) = f**3 - 4*f**2 - 12*f + 9. What is z(6)?
9
Let p(n) = n**2 + 11*n - 76. Give p(-16).
4
Let w(g) = g**3 - 6*g**2 + 7*g + 3. What is w(6)?
45
Let d(f) = -f + 69. What is d(0)?
69
Let q(p) = p**2 + p + 91. Determine q(0).
91
Let a(g) = -3*g**3 + g**2 + 2*g + 3. Calculate a(-2).
27
Let v(q) = 36*q**2 - 13*q + 10. What is v(1)?
33
Let t(n) = -n**3 + 8*n**2 - 17*n. Determine t(4).
-4
Let a(o) = 4*o**3 + o**2 - 40*o + 40. Determine a(1).
5
Let a(y) = -y - 12. What is a(-6)?
-6
Let y(k) = k**2 - 6*k - 7. Determine y(-2).
9
Let b(v) = -v**2 - 27*v + 21. Give b(-30).
-69
Let q(k) = -3*k + 6. Give q(5).
-9
Let y(d) = 6*d - 11. Determine y(11).
55
Let z(w) = -w**3 + 2*w**2 + 14*w + 17. Give z(-5).
122
Let v(c) = c**3 - 8*c**2 + 13. Calculate v(6).
-59
Let b(h) = h**3 - h**2 + 6*h + 3. What is b(-4)?
-101
Let m(x) = 3*x**2 + 2*x - 10. Calculate m(2).
6
Let y(n) = -n**2 - 2*n + 23. What is y(-7)?
-12
Let i(j) = -j**3 - j**2 + 9*j - 5. Determine i(-5).
50
Let q(c) = c**2 + 5*c. Calculate q(-5).
0
Let r(b) = b**3 + 10*b**2 + b + 21. Give r(-8).
141
Let k(n) = -2*n + 22. Give k(14).
-6
Let t(m) = m**2 + 2*m + 13. Determine t(-4).
21
Let x(h) = -h**2 - 12*h - 1. What is x(-8)?
31
Let k(h) = 3*h**2 + 33*h - 9. Give k(-11).
-9
Let o(p) = -p**3 + 6*p**2 + 6*p + 12. What is o(7)?
5
Let d(w) = -2*w**2 + 2*w + 1. Determine d(2).
-3
Let t(p) = 2*p**2 - 4*p + 4. Calculate t(2).
4
Let b(q) = 3*q**2 + 16*q + 43. Determine b(-9).
142
Let g(v) = 2*v - 22. Determine g(10).
-2
Let x(o) = o**2 - 25*o + 145. Give x(9).
1
Let q(k) = 8*k - 25. Determine q(5).
15
Let d(u) = u + 8. Determine d(-4).
4
Let q(b) = b**2 + 3*b + 7. Determine q(-4).
11
Let b(k) = -k**3 + 7*k**2 + 20*k - 1. Calculate b(9).
17
Let i(o) = -o**2 + 12*o + 16. Determine i(14).
-12
Let x(p) = -p**3 + 18*p**2 + 7*p - 124. Determine x(18).
2
Let f(m) = -m - 20. Calculate f(-13).
-7
Let d(h) = h**2 - 7*h - 13. Calculate d(8).
-5
Let o(z) = -z**3 + 6*z**2 - 3*z - 2. Calculate o(5).
8
Let o(t) = 6